*n**2 + 198*n + 1619. What is j(-18)?
-1
Let g(c) = -49*c**2 - 2666*c - 13074. Calculate g(-49).
-89
Let m(q) = 130*q - 4348. Calculate m(37).
462
Let i(c) = c**3 - 231*c**2 + 5322*c + 1631. Calculate i(205).
-9
Let m(k) = -k**3 - 15*k - 121. Determine m(10).
-1271
Let l(r) = -r**2 - 92*r + 1234. Calculate l(-104).
-14
Let g(m) = -2*m**3 - 11*m**2 + 30*m + 314. Give g(-8).
394
Let h(t) = -5*t**2 - 212*t + 254. Give h(-44).
-98
Let o(w) = 29679*w - 920051. Calculate o(31).
-2
Let h(p) = p**3 + 122*p**2 - 51*p - 6227. Give h(-122).
-5
Let l(o) = -67*o**3 + 2*o**2 + 215*o + 213. What is l(-1)?
67
Let l(f) = 30*f**3 + 9*f**2 - 18*f - 200. What is l(5)?
3685
Let k(z) = 1551*z + 74234. What is k(-48)?
-214
Let o(y) = -y**2 + 7365*y - 44202. Calculate o(6).
-48
Let k(p) = 65*p**2 + 564*p - 15. Determine k(-8).
-367
Let v(p) = -2*p**3 + 85*p**2 + 35*p + 203. Calculate v(43).
-141
Let r(d) = -21938*d - 3861125. What is r(-176)?
-37
Let b(v) = v**3 - 83*v**2 + 652*v - 400. What is b(8)?
16
Let x(p) = p**2 - 1171*p + 17407. Determine x(15).
67
Let q(b) = 3*b**3 + 908*b**2 - 252*b + 15461. What is q(-303)?
8
Let y(i) = -3*i**3 - 101*i**2 - 6693*i - 228728. Determine y(-34).
-10
Let d(t) = 108837*t - 3047413. Give d(28).
23
Let d(k) = -7*k**2 - 529*k + 19377. What is d(27)?
-9
Let s(x) = 1699*x - 361756. What is s(213)?
131
Let o(l) = -1678*l + 10844. What is o(7)?
-902
Let x(b) = b**2 + 27*b - 615. Give x(-34).
-377
Let v(j) = -4*j**2 - 51*j + 3777. Calculate v(25).
2
Let k(a) = -18*a**2 + 142*a - 285. What is k(8)?
-301
Let g(b) = -b**3 - 224*b**2 - 12104*b - 114. Calculate g(-91).
-23
Let o(m) = -1167*m - 15083. Calculate o(-6).
-8081
Let n(f) = 3911*f - 78229. Give n(20).
-9
Let x(q) = -6*q**3 + 359*q**2 - 1316*q + 82563. Give x(60).
3
Let l(f) = -3*f**2 - 241*f - 1850. Determine l(-8).
-114
Let r(j) = -5*j**2 - 32*j + 70. Determine r(-10).
-110
Let d(t) = -t**3 - 15*t**2 + 94*t + 935. Determine d(-17).
-85
Let k(o) = 490*o - 1479. Determine k(3).
-9
Let x(w) = -14*w**2 - 258*w - 622. Give x(-3).
26
Let j(n) = -n**3 + 148*n**2 - 1070*n - 6990. Give j(140).
10
Let y(r) = -606*r + 25500. What is y(42)?
48
Let r(p) = -p**3 + 419*p**2 + 11586*p - 7134. What is r(445)?
-14
Let a(k) = -22922*k - 70017. Calculate a(-3).
-1251
Let v(i) = -i**2 - 12701*i + 241666. Calculate v(19).
-14
Let i(d) = -204*d**2 - 854*d + 16. What is i(-5)?
-814
Let f(z) = -z**2 - 458236*z - 20618597. What is f(-45)?
-2
Let f(h) = -17515*h + 2416947. Determine f(138).
-123
Let p(d) = 334*d**2 - 17686*d - 109. Give p(53).
739
Let w(u) = 864*u - 4774. Give w(5).
-454
Let k(l) = -654*l**2 - 451263*l - 1933. Calculate k(-690).
137
Let a(n) = -n**2 + 84*n + 3694. What is a(-32)?
-18
Let j(t) = 77*t - 2773. Calculate j(35).
-78
Let r(k) = 2*k**3 - 8*k**2 - 99*k + 79. Determine r(9).
-2
Let u(j) = -4*j**2 - 112*j + 205. What is u(-13)?
985
Let m(t) = 5260*t - 36874. What is m(7)?
-54
Let x(i) = -210376*i - 420741. Give x(-2).
11
Let y(l) = -2*l**3 - 266*l**2 + 543*l + 416. Calculate y(-135).
11
Let f(d) = d**2 - 132*d + 3142. Give f(101).
11
Let j(m) = 9*m**2 + 1979*m + 21381. What is j(-11)?
701
Let b(j) = -10903*j - 11110. Determine b(-1).
-207
Let f(c) = 383*c**2 + 54758*c - 1553. Calculate f(-143).
20
Let b(t) = -103*t - 99078. What is b(-962)?
8
Let h(w) = -w**3 + 462*w**2 - 492*w + 14283. What is h(461)?
-8
Let c(y) = -33671*y + 134685. Calculate c(4).
1
Let b(g) = -1632*g - 31635. Calculate b(-19).
-627
Let k(f) = -f**3 - 24*f**2 + 1028*f + 3736. Determine k(-45).
1
Let k(x) = 28*x**2 - 373*x - 743. Determine k(-2).
115
Let s(n) = -n**2 + 381*n - 13053. Determine s(38).
-19
Let i(q) = 8486*q - 43913. Determine i(6).
7003
Let y(j) = -j**3 + 104*j**2 - 3072*j + 305812. Calculate y(103).
5
Let v(f) = -756*f + 200230. What is v(265)?
-110
Let x(f) = 3233*f + 239232. What is x(-74)?
-10
Let i(l) = 2*l**3 + 253*l**2 - 1175*l + 415. Calculate i(-131).
-109
Let i(q) = -21*q**2 - 387*q - 56. What is i(-19)?
-284
Let q(b) = b**2 + 146*b - 96436. What is q(246)?
-4
Let f(s) = 4*s**3 + 204*s**2 - 176*s + 1661. Calculate f(-52).
-3
Let j(v) = 5175*v**2 + 258*v + 265. Calculate j(-1).
5182
Let r(p) = 190*p**2 - 3608*p - 195. What is r(19)?
-157
Let o(r) = 973*r - 154771. Calculate o(163).
3828
Let d(h) = -384*h**2 + 435*h - 1710. Determine d(4).
-6114
Let x(y) = 19056*y + 38408. Give x(-2).
296
Let s(q) = 13*q + 2152. What is s(-166)?
-6
Let p(v) = -4*v + 163. What is p(-16)?
227
Let p(f) = -41*f + 15693. What is p(385)?
-92
Let k(q) = 25*q + 1466. Calculate k(-56).
66
Let y(l) = -l**3 - 180*l**2 - 7074*l + 121. What is y(-58)?
5
Let p(s) = 78*s**2 - 217*s + 122. What is p(2)?
0
Let j(p) = 3*p**2 - 448*p + 16173. Give j(85).
-232
Let c(d) = 9*d**2 + 378*d - 2729. Give c(7).
358
Let z(v) = 477*v + 5210. Calculate z(-11).
-37
Let t(z) = 18*z**2 + 3797*z - 114. Give t(-211).
97
Let r(d) = -24*d**2 - 993*d - 7933. What is r(-8)?
-1525
Let g(u) = -u**2 + 177*u + 21595. Determine g(-84).
-329
Let t(h) = -h**3 + 126*h**2 + 94*h - 11848. What is t(126)?
-4
Let l(z) = -z**2 - 43*z + 384. Determine l(8).
-24
Let c(n) = -n**2 + 105*n - 1955. What is c(63)?
691
Let z(x) = 2934*x + 971143. Give z(-331).
-11
Let t(b) = -9*b**3 - 1306*b**2 + 1131*b - 5409. Calculate t(-146).
-7
Let u(c) = -25*c**3 + 1476*c**2 - 212*c + 9032. Calculate u(59).
5
Let k(g) = g**2 + 11271*g + 157618. Give k(-14).
20
Let v(c) = -c**2 + 794*c - 106070. Give v(170).
10
Let n(p) = -5*p**2 - 55*p + 7404. What is n(36)?
-1056
Let c(b) = -2*b**3 - 483*b**2 - 18707*b + 2704. Give c(-193).
2
Let d(l) = 3*l**2 - 504*l + 2873. Give d(161).
-508
Let p(t) = -3*t**3 + 166*t**2 - 1490*t - 255. Determine p(44).
9
Let y(n) = 4*n**2 - 5472*n - 77357. Calculate y(-14).
35
Let n(g) = -37161*g + 10999642. Give n(296).
-14
Let r(m) = -19688*m - 39677. Calculate r(-2).
-301
Let k(x) = 82939*x + 3649303. Determine k(-44).
-13
Let n(g) = -g**2 + 1238*g + 31558. Calculate n(-25).
-17
Let z(i) = -i**2 + 6503*i + 1079731. Determine z(-162).
1
Let y(w) = 46*w**2 - 20*w - 45. Determine y(-7).
2349
Let n(a) = -a**3 + 10*a**2 + 12905*a - 141839. What is n(11)?
-5
Let m(b) = -b**3 + 84*b**2 - 91*b + 243. What is m(83)?
-421
Let a(k) = k**3 + 13*k**2 - 1612*k - 20855. What is a(-13)?
101
Let w(i) = -15*i**2 + 1374*i + 1315. Determine w(92).
763
Let x(d) = -3*d**3 - 16*d**2 + 66*d + 47. Determine x(5).
-398
Let n(k) = -3*k**3 + 76*k**2 - 3554*k + 88232. Determine n(25).
7
Let b(t) = -t**3 + 56*t**2 + 265*t - 15091. Give b(57).
-3235
Let y(n) = -2*n**2 + 2*n - 165. Give y(14).
-529
Let u(s) = -2*s**3 - 24*s**2 + 334*s + 390. Calculate u(9).
-6
Let f(g) = -1756*g + 36725. What is f(21)?
-151
Let b(u) = 15*u**2 + 277*u + 996. Give b(-26).
3934
Let j(k) = 7*k**3 - 754*k**2 + 10040*k + 7353. Calculate j(92).
-7
Let l(y) = y**3 + 11*y**2 + 23*y - 339. Calculate l(-17).
-2464
Let o(t) = -2927*t + 4968. Calculate o(2).
-886
Let q(y) = -y**3 - 12*y**2 + 24*y + 370. What is q(-4)?
146
Let i(c) = -932*c + 169619. Give i(182).
-5
Let h(l) = -l**3 - 290*l**2 - 563*l + 3986. Calculate h(-288).
242
Let p(s) = -s**3 + 9*s**2 + 68*s + 10. Give p(14).
-18
Let o(t) = 23460*t + 164225. What is o(-7)?
5
Let s(y) = -2581*y - 33564. What is s(-13)?
-11
Let f(i) = -i**2 - 20*i - 43. Calculate f(-15).
32
Let r(o) = 27082*o + 1408246. What is r(-52)?
-18
Let j(r) = 26806*r + 80545. What is j(-3)?
127
Let k(p) = 33653*p + 336524. Give k(-10).
-6
Let w(v) = -27*v**2 - 3981*v - 28135. Calculate w(-140).
5
Let p(t) = 7*t**2 + 169*t - 3777. Determine p(14).
-39
Let d(j) = -4*j**3 + 281*j**2 + 204*j + 150. Give d(71).
-489
Let b(s) = s**2 - 251*s - 1279. Calculate b(-5).
1
Let k(d) = d**3 + 3*d**2 - 77*d + 440. Calculate k(5).
255
Let c(f) = -9*f**3 - 52*f**2 + 21*f + 243. Give c(-6).
189
Let x(m) = 46*m - 2815. What is x(61)?
-9
Let l(a) = -2*a**2 + 17*a + 133. Give l(23).
-534
Let i(f) = -125*f**2 + 4117*f + 209. What is i(33)?
-55
Let y(h) = -h**2 + 3455*h - 824821. Determine y(258).
5
Let o(i) = 658*i - 382294. Determine o(581).
4
Let a(j) = -j**3 - 45*j**2 - 540*j - 3224. What is a(-31)?
62
Let j(y) = 4*y**2 - 493*y - 7683. Give j(137).
-148
Let w(n) = -140*n**2 - 784*n + 784. Give w(1).
-140
Let a(r) = -8*r**3 - 72*r**2 - 24*r + 48. Calculate a(-1).
8
Let s(a) = a**3 + 15*a**2 - 690*a - 10